678?
8
What is the ten millions digit of 113012262?
1
What is the billions digit of 4260467962?
4
What is the hundreds digit of 3142093?
0
What is the thousands digit of 545485953?
5
What is the units digit of 79786755?
5
What is the billions digit of 1369572520?
1
What is the ten thousands digit of 254356131?
5
What is the tens digit of 53332775?
7
What is the hundred thousands digit of 754100766?
1
What is the ten millions digit of 379563476?
7
What is the millions digit of 125054494?
5
What is the ten thousands digit of 251260353?
6
What is the ten millions digit of 9306233836?
0
What is the ten thousands digit of 362853642?
5
What is the thousands digit of 28011438?
1
What is the millions digit of 178495756?
8
What is the hundreds digit of 259737693?
6
What is the millions digit of 4243582340?
3
What is the hundreds digit of 1511757410?
4
What is the millions digit of 709517933?
9
What is the thousands digit of 29323737?
3
What is the hundred millions digit of 3496720007?
4
What is the millions digit of 1901203766?
1
What is the thousands digit of 430890886?
0
What is the ten millions digit of 339422729?
3
What is the millions digit of 413754902?
3
What is the thousands digit of 22049567?
9
What is the hundred millions digit of 231246663?
2
What is the units digit of 284246036?
6
What is the millions digit of 392364401?
2
What is the ten thousands digit of 203473129?
7
What is the hundred millions digit of 1401895541?
4
What is the ten millions digit of 643530159?
4
What is the tens digit of 1597351987?
8
What is the units digit of 32849167?
7
What is the ten millions digit of 5530633096?
3
What is the thousands digit of 76505678?
5
What is the tens digit of 36843643?
4
What is the ten thousands digit of 1152737122?
3
What is the thousands digit of 63439026?
9
What is the millions digit of 4821823416?
1
What is the hundreds digit of 246802085?
0
What is the billions digit of 5000493298?
5
What is the thousands digit of 10149498?
9
What is the hundreds digit of 320091906?
9
What is the hundred thousands digit of 4031277273?
2
What is the hundred millions digit of 3823719447?
8
What is the hundred millions digit of 152845436?
1
What is the millions digit of 1009469242?
9
What is the tens digit of 479312027?
2
What is the hundreds digit of 22776013?
0
What is the thousands digit of 75297343?
7
What is the units digit of 19728921?
1
What is the ten thousands digit of 657652527?
5
What is the hundred thousands digit of 18721715?
7
What is the ten millions digit of 46828985?
4
What is the hundreds digit of 39253135?
1
What is the tens digit of 2322235036?
3
What is the hundred millions digit of 127198671?
1
What is the ten millions digit of 711304945?
1
What is the ten thousands digit of 442716779?
1
What is the hundreds digit of 52720437?
4
What is the billions digit of 1115485284?
1
What is the tens digit of 1822659228?
2
What is the tens digit of 119095074?
7
What is the tens digit of 26566436?
3
What is the millions digit of 125216684?
5
What is the hundreds digit of 10437798?
7
What is the hundred thousands digit of 112332436?
3
What is the billions digit of 2188332320?
2
What is the thousands digit of 72737223?
7
What is the millions digit of 193703692?
3
What is the hundred thousands digit of 700671542?
6
What is the tens digit of 8625720?
2
What is the tens digit of 237996036?
3
What is the millions digit of 46911121?
6
What is the thousands digit of 4681318264?
8
What is the hundreds digit of 39375027?
0
What is the ten thousands digit of 2916424152?
2
What is the units digit of 11902771?
1
What is the units digit of 2554299915?
5
What is the ten millions digit of 790346277?
9
What is the hundred thousands digit of 407189?
4
What is the hundred millions digit of 580695401?
5
What is the hundred millions digit of 1730769188?
7
What is the units digit of 8878161?
1
What is the ten thousands digit of 61499189?
9
What is the hundreds digit of 1307371054?
0
What is the billions digit of 3731880110?
3
What is the hundred thousands digit of 4573294041?
2
What is the hundreds digit of 1297291901?
9
What is the ten millions digit of 49784864?
4
What is the hundred thousands digit of 1169907816?
9
What is the hundred thousands digit of 1465760546?
7
What is the units digit of 2208926111?
1
What is the units digit of 181953037?
7
What is the tens digit of 22593394?
9
What is the millions digit of 169099808?
9
What is the millions digit of 2582265019?
2
What is the units digit of 2453864120?
0
What is the tens digit of 78572102?
0
What is the hundred millions digit of 1148580433?
1
What is the millions digit of 245568009?
5
What is the units digit of 1675994449?
9
What is the tens digit of 5338127098?
9
What is the millions digit of 2793708305?
3
What is the hundreds digit of 587105005?
0
What is the units digit of 100980766?
6
What is the thousands digit of 19847591?
7
What is the billions digit of 1205009426?
1
What is the millions digit of 27573819?
7
What is the hundred millions digit of 100509573?
1
What is the tens digit of 2298212930?
3
What is the millions digit of 119355931?
9
What is the thousands digit of 381227627?
7
What is the billions digit of 2224264958?
2
What is the units digit of 1210260880?
0
What is the millions digit of 80742345?
0
What is the hundreds digit of 2170087844?
8
What is the millions digit of 26792519?
6
What is the tens digit of 6608666185?
8
What is the hundred millions digit of 181235476?
1
What is the ten millions digit of 2059208842?
5
What is the hundred thousands digit of 3375915416?
9
What is the tens digit of 549251837?
3
What is the hundred thousands digit of 738654776?
6
What is the billions digit of 3553877550?
3
What is the hundred millions digit of 1191715109?
1
What is the hundred thousands digit of 277311768?
3
What is the hundred thousands digit of 167348713?
3
What is the hundred thousands digit of 4406923915?
9
What is the thousands digit of 69077439?
7
What is the millions digit of 2260645689?
0
What is the millions digit of 20705992?
0
What is the hundreds digit of 1116323016?
0
What is the ten millions digit of 11143749?
1
What is the hundred millions digit of 5347385426?
3
What is the ten millions digit of 158931850?
5
What is the tens digit of 90290441?
4
What is the units digit of 342919608?
8
What is the hundred thousands digit of 353448776?
4
What is the thousands digit of 1480627681?
7
What is the hundred thousands digit of 20557746?
5
What is the thousands digit of 119468365?
8
What is the hundreds digit of 1206456376?
3
What is the ten thousands digit of 2758677217?
7
What is the units digit of 694295686?
6
What is the hundred thousands digit of 379943488?
9
What is the ten millions digit of 284212645?
8
What is the millions digit of 171919534?
1
What is the tens digit of 17983560?
6
What is the units digit of 7341353?
3
What is the hundred millions digit of 679561193?
6
What is the hundreds digit of 6511659?
6
What is the millions digit of 704612314?
4
What is the ten thousands digit of 497607263?
0
What is the hundreds digit of 1041072549?
5
What is the ten millions digit of 1021788222?
2
What is the hundreds digit of 74471192?
1
What is the millions digit of 284127589?
4
What is the tens digit of 792332641?
4
What is the ten millions digit of 1906637404?
0
What is the millions digit of 27350459?
7
What is the hundreds digit of 13388222?
2
What is the hundred thousands digit of 1177981186?
9
What is the millions digit of 2651486246?
1
What is the hundred thousands digit of 20012341?
0
What is the units digit of 3102553104?
4
What is the hundred thousands digit of 201263143?
2
What is the thousands digit of 536298041?
8
What is the ten thousands digit of 4284000304?
0
What is the units digit of 164928472?
2
What is the billions digit of 1583065522?
1
What is the thousands digit of 464990220?
0
What is the billions digit of 1724542418?
1
What is the units digit of 143936740?
0
What is the units digit of 276162725?
5
What is the ten millions digit of 581750181?
8
What is the tens digit of 610310703?
0
What is the ten millions digit of 28783131?
2
What is the hundred thousands digit of 340448553?
4
What is the ten millions digit of 2064909218?
6
What is the thousands digit of 314251